{"id":3882,"date":"2023-11-03T00:51:59","date_gmt":"2023-11-03T00:51:59","guid":{"rendered":"https:\/\/sindicatouniversitarioscged.cl\/servisold\/?post_type=product&#038;p=3882"},"modified":"2023-11-07T18:51:38","modified_gmt":"2023-11-07T18:51:38","slug":"generador-diesel-sgfcl-arriendo","status":"publish","type":"product","link":"https:\/\/servisoldhermanos.cl\/index.php\/producto\/generador-diesel-sgfcl-arriendo\/","title":{"rendered":"GENERADOR DIESEL SGFCL ARRIENDO"},"content":{"rendered":"<table id=\"tablaproducto\" border=\"1\" cellpadding=\"1\">\n<tbody>\n<tr>\n<td colspan=\"3\"><strong>GENERADOR DIESEL SGFCL<\/strong><\/td>\n<\/tr>\n<tr>\n<td>Frecuencia nominal<\/td>\n<td>50\/60 Hz<\/td>\n<\/tr>\n<tr>\n<td>Salida nominal<\/td>\n<td>4.2 \u2013 4.6 KW<\/td>\n<\/tr>\n<tr>\n<td>Salida m\u00e1xima<\/td>\n<td>4.6 \u2013 5.0 KW<\/td>\n<\/tr>\n<tr>\n<td>Tensi\u00f3n nominal<\/td>\n<td>220\/230 V<\/td>\n<\/tr>\n<tr>\n<td>Factor de Potencia<\/td>\n<td>(cos) 1.0<\/td>\n<\/tr>\n<tr>\n<td>Motor<\/td>\n<td>186F \/ FA<\/td>\n<\/tr>\n<tr>\n<td>Tipo mono cil\u00edndrico 4-stroke Vertical Motor di\u00e9se\u00f1 refrigerado por aire<\/td>\n<td><\/td>\n<\/tr>\n<tr>\n<td>Encendido manual o arranque el\u00e9ctrico<\/td>\n<td><\/td>\n<\/tr>\n<tr>\n<td>Capacidad del d\u00e9posito (L) 12,5<\/td>\n<td><\/td>\n<\/tr>\n<tr>\n<td>Tiempo de funcionaiento continuo (h) 6,5 a 5,5<\/td>\n<td><\/td>\n<\/tr>\n<tr>\n<td>Peso<\/td>\n<td>95\/99 Kg<\/td>\n<\/tr>\n<tr>\n<td>Dimensi\u00f3n total LxWxH (mm)<\/td>\n<td>720x480x585<\/td>\n<\/tr>\n<\/tbody>\n<\/table>\n","protected":false},"excerpt":{"rendered":"<p>GENERADOR DIESEL SGFCL Frecuencia nominal 50\/60 Hz Salida nominal 4.2 \u2013 4.6 KW Salida m\u00e1xima 4.6 \u2013 5.0 KW Tensi\u00f3n nominal 220\/230 V Factor de Potencia (cos) 1.0 Motor 186F \/ FA Tipo mono cil\u00edndrico 4-stroke Vertical Motor di\u00e9se\u00f1 refrigerado por aire Encendido manual o arranque el\u00e9ctrico Capacidad del d\u00e9posito (L) 12,5 Tiempo de funcionaiento&#8230;<\/p>\n","protected":false},"featured_media":3883,"template":"","meta":[],"product_cat":[22],"product_tag":[],"class_list":["post-3882","product","type-product","status-publish","has-post-thumbnail","hentry","product_cat-arriendo"],"acf":[],"_links":{"self":[{"href":"https:\/\/servisoldhermanos.cl\/index.php\/wp-json\/wp\/v2\/product\/3882","targetHints":{"allow":["GET"]}}],"collection":[{"href":"https:\/\/servisoldhermanos.cl\/index.php\/wp-json\/wp\/v2\/product"}],"about":[{"href":"https:\/\/servisoldhermanos.cl\/index.php\/wp-json\/wp\/v2\/types\/product"}],"wp:featuredmedia":[{"embeddable":true,"href":"https:\/\/servisoldhermanos.cl\/index.php\/wp-json\/wp\/v2\/media\/3883"}],"wp:attachment":[{"href":"https:\/\/servisoldhermanos.cl\/index.php\/wp-json\/wp\/v2\/media?parent=3882"}],"wp:term":[{"taxonomy":"product_cat","embeddable":true,"href":"https:\/\/servisoldhermanos.cl\/index.php\/wp-json\/wp\/v2\/product_cat?post=3882"},{"taxonomy":"product_tag","embeddable":true,"href":"https:\/\/servisoldhermanos.cl\/index.php\/wp-json\/wp\/v2\/product_tag?post=3882"}],"curies":[{"name":"wp","href":"https:\/\/api.w.org\/{rel}","templated":true}]}}