{"id":4030,"date":"2023-11-08T20:27:28","date_gmt":"2023-11-08T20:27:28","guid":{"rendered":"https:\/\/sindicatouniversitarioscged.cl\/servisold\/?page_id=4030"},"modified":"2023-11-08T21:01:35","modified_gmt":"2023-11-08T21:01:35","slug":"contacto","status":"publish","type":"page","link":"https:\/\/servisoldhermanos.cl\/index.php\/contacto\/","title":{"rendered":"Contacto"},"content":{"rendered":"<section class=\"l-section wpb_row height_medium\" id=\"contacto\"><div class=\"l-section-h i-cf\"><div class=\"g-cols vc_row type_default valign_top\"><div class=\"vc_col-sm-6 wpb_column vc_column_container\"><div class=\"vc_column-inner\"><div class=\"wpb_wrapper\"><div class=\"wpb_text_column us_custom_4e55af8d has_text_color\" ><div class=\"wpb_wrapper\"><h3 style=\"text-align: left;\">Contacto<\/h3>\n<\/div><\/div><div class=\"w-separator size_small\"><\/div><div class=\"wpb_text_column\" ><div class=\"wpb_wrapper\"><p>Especialistas en el servicio de <strong>\u00abArriendo de M\u00e1quinas Soldadoras\u00bb<\/strong> por m\u00e1s de 29 a\u00f1os.<\/p>\n<\/div><\/div><div class=\"w-separator size_small\"><\/div><div class=\"w-separator size_small\"><\/div><div class=\"w-iconbox iconpos_left style_default color_primary align_left no_text\"><a target=\"_blank\" href=\"https:\/\/wa.me\/+56976209466\" rel=\"noopener\" class=\"w-iconbox-link\" aria-label=\"Escr\u00edbenos al +569 7620 9466\"><div class=\"w-iconbox-icon\"><i class=\"fab fa-whatsapp\"><\/i><\/div><\/a><div class=\"w-iconbox-meta\"><a target=\"_blank\" href=\"https:\/\/wa.me\/+56976209466\" rel=\"noopener\" class=\"w-iconbox-link\" aria-label=\"Escr\u00edbenos al +569 7620 9466\"><h5 class=\"w-iconbox-title\">Escr\u00edbenos al +569 7620 9466<\/h5><\/a><\/div><\/div><div class=\"w-separator size_small\"><\/div><div class=\"w-iconbox us_custom_4e55af8d iconpos_left style_default color_primary align_left no_text has_text_color\"><div class=\"w-iconbox-icon\"><\/div><div class=\"w-iconbox-meta\"><h5 class=\"w-iconbox-title\">Ll\u00e1manos al:<\/h5><\/div><\/div><div class=\"w-iconbox iconpos_left style_default color_primary align_left no_text\"><a href=\"tel:+56222954613\" class=\"w-iconbox-link\" aria-label=\"+562 2295 4613\"><div class=\"w-iconbox-icon\"><i class=\"fas fa-phone-alt\"><\/i><\/div><\/a><div class=\"w-iconbox-meta\"><a href=\"tel:+56222954613\" class=\"w-iconbox-link\" aria-label=\"+562 2295 4613\"><h5 class=\"w-iconbox-title\">+562 2295 4613<\/h5><\/a><\/div><\/div><div class=\"w-iconbox iconpos_left style_default color_primary align_left no_text\"><a href=\"tel:+56222951359\" class=\"w-iconbox-link\" aria-label=\"+562 2295 1359\"><div class=\"w-iconbox-icon\"><i class=\"fas fa-phone-alt\"><\/i><\/div><\/a><div class=\"w-iconbox-meta\"><a href=\"tel:+56222951359\" class=\"w-iconbox-link\" aria-label=\"+562 2295 1359\"><h5 class=\"w-iconbox-title\">+562 2295 1359<\/h5><\/a><\/div><\/div><div class=\"w-separator size_small\"><\/div><div class=\"w-iconbox us_custom_4e55af8d iconpos_left style_default color_primary align_left no_text has_text_color\"><div class=\"w-iconbox-icon\"><\/div><div class=\"w-iconbox-meta\"><h5 class=\"w-iconbox-title\">Env\u00edanos un correo a:<\/h5><\/div><\/div><div class=\"w-iconbox iconpos_left style_default color_primary align_left no_text\"><a href=\"mailto:ventas@servisold.cl\" class=\"w-iconbox-link\" aria-label=\"ventas@servisold.cl\"><div class=\"w-iconbox-icon\"><i class=\"far fa-envelope\"><\/i><\/div><\/a><div class=\"w-iconbox-meta\"><a href=\"mailto:ventas@servisold.cl\" class=\"w-iconbox-link\" aria-label=\"ventas@servisold.cl\"><h5 class=\"w-iconbox-title\">ventas@servisold.cl<\/h5><\/a><\/div><\/div><div class=\"w-iconbox iconpos_left style_default color_primary align_left no_text\"><a href=\"mailto:ventasantofagasta@servisold.cl\" class=\"w-iconbox-link\" aria-label=\"ventasantofagasta@servisold.cl\"><div class=\"w-iconbox-icon\"><i class=\"far fa-envelope\"><\/i><\/div><\/a><div class=\"w-iconbox-meta\"><a href=\"mailto:ventasantofagasta@servisold.cl\" class=\"w-iconbox-link\" aria-label=\"ventasantofagasta@servisold.cl\"><h5 class=\"w-iconbox-title\">ventasantofagasta@servisold.cl<\/h5><\/a><\/div><\/div><\/div><\/div><\/div><div class=\"vc_col-sm-6 wpb_column vc_column_container\"><div class=\"vc_column-inner\"><div class=\"wpb_wrapper\"><div class=\"wpb_text_column us_custom_cbc2395c has_text_color\" ><div class=\"wpb_wrapper\"><h4>Formulario de Contacto<\/h4>\n<\/div><\/div><div class=\"w-separator size_small\"><\/div><form class=\"w-form  layout_ver for_cform us_form_1\" autocomplete=\"off\" action=\"https:\/\/servisoldhermanos.cl\/index.php\/wp-json\/wp\/v2\/pages\/4030\" method=\"post\"><div class=\"w-form-h\"><div class=\"w-form-row for_text\">\n\t\t<div class=\"w-form-row-field\">\n\t\t\t\t\t\t<input aria-label=\"Nombre\" type=\"text\" name=\"us_form_1_text_1\" value placeholder=\"Nombre\"\/>\n\t\t\t<\/div>\n\t\t<div class=\"w-form-row-state\">Rellena este campo<\/div>\n<\/div>\n<div class=\"w-form-row for_email\">\n\t\t<div class=\"w-form-row-field\">\n\t\t\t\t\t\t<input aria-label=\"Correo electr\u00f3nico\" type=\"email\" name=\"us_form_1_email_1\" value placeholder=\"Correo electr\u00f3nico\"\/>\n\t\t\t<\/div>\n\t\t<div class=\"w-form-row-state\">Por favor, introduce una direcci\u00f3n de correo electr\u00f3nico v\u00e1lida.<\/div>\n<\/div>\n<div class=\"w-form-row for_text\">\n\t\t<div class=\"w-form-row-field\">\n\t\t\t\t\t\t<input aria-label=\"Tel\u00e9fono\" type=\"text\" name=\"us_form_1_text_2\" value placeholder=\"Tel\u00e9fono\"\/>\n\t\t\t<\/div>\n\t\t<div class=\"w-form-row-state\">Rellena este campo<\/div>\n<\/div>\n<div class=\"w-form-row for_textarea\">\n\t\t<div class=\"w-form-row-field\">\n\t\t\t\t\t\t<textarea aria-label=\"Texto\" name=\"us_form_1_textarea_1\" placeholder=\"Texto\"><\/textarea>\n\t\t\t<\/div>\n\t\t<div class=\"w-form-row-state\">Rellena este campo<\/div>\n<\/div>\n<input type=\"hidden\" name=\"action\" value=\"us_ajax_cform\" \/><input type=\"hidden\" name=\"post_id\" value \/><input type=\"hidden\" name=\"form_index\" value=\"1\" \/><div class=\"w-form-row for_submit align_default\">\n\t<div class=\"w-form-row-field\">\n\t\t\t\t<button class=\"w-btn  us-btn-style_1\" aria-label=\"Enviar\" type=\"submit\">\n\t\t\t<span class=\"g-preloader type_1\"><\/span>\n\t\t\t\t\t\t<span class=\"w-btn-label\">Enviar<\/span>\n\t\t\t\t\t<\/button>\n\t<\/div>\n<\/div><\/div><div class=\"w-form-message\"><\/div><div class=\"w-form-json hidden\" onclick='return {&quot;ajaxurl&quot;:&quot;https:\\\/\\\/servisoldhermanos.cl\\\/wp-admin\\\/admin-ajax.php&quot;}'><\/div><\/form><\/div><\/div><\/div><\/div><\/div><\/section><section class=\"l-section wpb_row us_custom_86196ebf height_medium\"><div class=\"l-section-h i-cf\"><div class=\"g-cols vc_row type_default valign_top\"><div class=\"vc_col-sm-12 wpb_column vc_column_container\"><div class=\"vc_column-inner\"><div class=\"wpb_wrapper\"><div class=\"wpb_text_column us_custom_0402e9e3 has_text_color\" ><div class=\"wpb_wrapper\"><h4>Nuestras ubicaciones<\/h4>\n<\/div><\/div><\/div><\/div><\/div><\/div><\/div><\/section><section class=\"l-section wpb_row height_medium mi-footer parallax_ver\"><div class=\"l-section-h i-cf\"><div class=\"g-cols vc_row type_default valign_top\"><div class=\"vc_col-sm-4 wpb_column vc_column_container\"><div class=\"vc_column-inner\"><div class=\"wpb_wrapper\"><h4 class=\"w-text\"><span class=\"w-text-h\"><i class=\"fas fa-location-arrow\"><\/i><span class=\"w-text-value\">Santiago<\/span><\/span><\/h4><div class=\"w-separator size_small\"><\/div><div class=\"w-iconbox iconpos_left style_circle color_custom align_center no_text\"><a href=\"tel:+56222954613\" class=\"w-iconbox-link\" aria-label=\"+562 2295 4613\"><div class=\"w-iconbox-icon\" style=\"font-size:12px;background:var(--color-content-secondary);color:#ffffff;\"><i class=\"fas fa-phone-alt\"><\/i><\/div><\/a><div class=\"w-iconbox-meta\"><a href=\"tel:+56222954613\" class=\"w-iconbox-link\" aria-label=\"+562 2295 4613\"><h4 class=\"w-iconbox-title\" style=\"font-size:18px;\">+562 2295 4613<\/h4><\/a><\/div><\/div><div class=\"w-separator size_small\"><\/div><div class=\"w-iconbox iconpos_left style_circle color_custom align_center no_text\"><a href=\"tel:+56222951359\" class=\"w-iconbox-link\" aria-label=\"+562 2295 1359\"><div class=\"w-iconbox-icon\" style=\"font-size:12px;background:var(--color-content-secondary);color:#ffffff;\"><i class=\"fas fa-phone-alt\"><\/i><\/div><\/a><div class=\"w-iconbox-meta\"><a href=\"tel:+56222951359\" class=\"w-iconbox-link\" aria-label=\"+562 2295 1359\"><h4 class=\"w-iconbox-title\" style=\"font-size:18px;\">+562 2295 1359<\/h4><\/a><\/div><\/div><div class=\"w-separator size_small\"><\/div><div class=\"w-iconbox iconpos_left style_circle color_custom align_center no_text\"><a href=\"mailto:ventas@servisold.cl\" class=\"w-iconbox-link\" aria-label=\"ventas@servisold.cl\"><div class=\"w-iconbox-icon\" style=\"font-size:12px;background:var(--color-content-secondary);color:#ffffff;\"><i class=\"fas fa-at\"><\/i><\/div><\/a><div class=\"w-iconbox-meta\"><a href=\"mailto:ventas@servisold.cl\" class=\"w-iconbox-link\" aria-label=\"ventas@servisold.cl\"><h4 class=\"w-iconbox-title\" style=\"font-size:18px;\">ventas@servisold.cl<\/h4><\/a><\/div><\/div><div class=\"w-separator size_small\"><\/div><div class=\"w-iconbox iconpos_left style_circle color_custom align_center no_text\"><div class=\"w-iconbox-icon\" style=\"font-size:12px;background:var(--color-content-secondary);color:#ffffff;\"><i class=\"fas fa-map-pin\"><\/i><\/div><div class=\"w-iconbox-meta\"><h4 class=\"w-iconbox-title\" style=\"font-size:18px;\">Germ\u00e1n Riesco 11396, La Florida, Paradero 26, hacia la Cordillera.<\/h4><\/div><\/div><div class=\"w-separator size_small\"><\/div><div class=\"wpb_text_column\" ><div class=\"wpb_wrapper\"><p><iframe loading=\"lazy\" style=\"border: 0;\" src=\"https:\/\/www.google.com\/maps\/embed?pb=!1m14!1m8!1m3!1d13298.709004732686!2d-70.580897!3d-33.561761!3m2!1i1024!2i768!4f13.1!3m3!1m2!1s0x9662d0d37044bf97%3A0x5552a2d8c09c6db3!2sGerman%20Riesco%2011395%2C%208301596%20La%20Florida%2C%20Regi%C3%B3n%20Metropolitana!5e0!3m2!1ses-419!2scl!4v1699459027490!5m2!1ses-419!2scl\" width=\"600\" height=\"250\" allowfullscreen=\"allowfullscreen\"><\/iframe><\/p>\n<\/div><\/div><\/div><\/div><\/div><div class=\"vc_col-sm-4 wpb_column vc_column_container\"><div class=\"vc_column-inner\"><div class=\"wpb_wrapper\"><h4 class=\"w-text\"><span class=\"w-text-h\"><i class=\"fas fa-location-arrow\"><\/i><span class=\"w-text-value\">Antofagasta<\/span><\/span><\/h4><div class=\"w-separator size_small\"><\/div><div class=\"w-iconbox iconpos_left style_circle color_custom align_center no_text\"><a href=\"tel:+56552477476\" class=\"w-iconbox-link\" aria-label=\"+565 5247 7476\"><div class=\"w-iconbox-icon\" style=\"font-size:12px;background:var(--color-content-secondary);color:#ffffff;\"><i class=\"fas fa-phone-alt\"><\/i><\/div><\/a><div class=\"w-iconbox-meta\"><a href=\"tel:+56552477476\" class=\"w-iconbox-link\" aria-label=\"+565 5247 7476\"><h4 class=\"w-iconbox-title\" style=\"font-size:18px;\">+565 5247 7476<\/h4><\/a><\/div><\/div><div class=\"w-separator size_small\"><\/div><div class=\"w-iconbox iconpos_left style_circle color_custom align_center no_text\"><a href=\"tel:+56552235804\" class=\"w-iconbox-link\" aria-label=\"+565 5223 5804\"><div class=\"w-iconbox-icon\" style=\"font-size:12px;background:var(--color-content-secondary);color:#ffffff;\"><i class=\"fas fa-phone-alt\"><\/i><\/div><\/a><div class=\"w-iconbox-meta\"><a href=\"tel:+56552235804\" class=\"w-iconbox-link\" aria-label=\"+565 5223 5804\"><h4 class=\"w-iconbox-title\" style=\"font-size:18px;\">+565 5223 5804<\/h4><\/a><\/div><\/div><div class=\"w-separator size_small\"><\/div><div class=\"w-iconbox iconpos_left style_circle color_custom align_center no_text\"><a href=\"mailto:ventasantofagasta@servisold.cl\" class=\"w-iconbox-link\" aria-label=\"ventasantofagasta@servisold.cl\"><div class=\"w-iconbox-icon\" style=\"font-size:12px;background:var(--color-content-secondary);color:#ffffff;\"><i class=\"fas fa-at\"><\/i><\/div><\/a><div class=\"w-iconbox-meta\"><a href=\"mailto:ventasantofagasta@servisold.cl\" class=\"w-iconbox-link\" aria-label=\"ventasantofagasta@servisold.cl\"><h4 class=\"w-iconbox-title\" style=\"font-size:18px;\">ventasantofagasta@servisold.cl<\/h4><\/a><\/div><\/div><div class=\"w-separator size_small\"><\/div><div class=\"w-iconbox iconpos_left style_circle color_custom align_center no_text\"><div class=\"w-iconbox-icon\" style=\"font-size:12px;background:var(--color-content-secondary);color:#ffffff;\"><i class=\"fas fa-map-pin\"><\/i><\/div><div class=\"w-iconbox-meta\"><h4 class=\"w-iconbox-title\" style=\"font-size:18px;\">Benito Ocampo 10101, Casa 3, Antofagasta.<\/h4><\/div><\/div><div class=\"w-separator size_small\"><\/div><div class=\"wpb_text_column\" ><div class=\"wpb_wrapper\"><p><iframe loading=\"lazy\" style=\"border: 0;\" src=\"https:\/\/www.google.com\/maps\/embed?pb=!1m14!1m8!1m3!1d29255.206850020128!2d-70.395712!3d-23.572004!3m2!1i1024!2i768!4f13.1!3m3!1m2!1s0x96ae2a59fd37fb31%3A0xe4f4588ef5f32845!2sBenito%20Ocampo%2010101%2C%201265659%20Antofagasta!5e0!3m2!1ses-419!2scl!4v1699458978466!5m2!1ses-419!2scl\" width=\"600\" height=\"250\" allowfullscreen=\"allowfullscreen\"><\/iframe><\/p>\n<\/div><\/div><\/div><\/div><\/div><div class=\"vc_col-sm-4 wpb_column vc_column_container\"><div class=\"vc_column-inner\"><div class=\"wpb_wrapper\"><h4 class=\"w-text\"><span class=\"w-text-h\"><i class=\"fas fa-location-arrow\"><\/i><span class=\"w-text-value\">Coquimbo \/ La Serena<\/span><\/span><\/h4><div class=\"w-separator size_small\"><\/div><div class=\"w-iconbox iconpos_left style_circle color_custom align_center no_text\"><a href=\"tel:+413245565\" class=\"w-iconbox-link\" aria-label=\"+41 3245565\"><div class=\"w-iconbox-icon\" style=\"font-size:12px;background:var(--color-content-secondary);color:#ffffff;\"><i class=\"fas fa-phone-alt\"><\/i><\/div><\/a><div class=\"w-iconbox-meta\"><a href=\"tel:+413245565\" class=\"w-iconbox-link\" aria-label=\"+41 3245565\"><h4 class=\"w-iconbox-title\" style=\"font-size:18px;\">+41 3245565<\/h4><\/a><\/div><\/div><div class=\"w-separator size_small\"><\/div><div class=\"w-iconbox iconpos_left style_circle color_custom align_center no_text\"><a href=\"tel:+56976209466\" class=\"w-iconbox-link\" aria-label=\"+569 7620 9466\"><div class=\"w-iconbox-icon\" style=\"font-size:12px;background:var(--color-content-secondary);color:#ffffff;\"><i class=\"fas fa-phone-alt\"><\/i><\/div><\/a><div class=\"w-iconbox-meta\"><a href=\"tel:+56976209466\" class=\"w-iconbox-link\" aria-label=\"+569 7620 9466\"><h4 class=\"w-iconbox-title\" style=\"font-size:18px;\">+569 7620 9466<\/h4><\/a><\/div><\/div><div class=\"w-separator size_small\"><\/div><div class=\"w-iconbox iconpos_left style_circle color_custom align_center no_text\"><a href=\"mailto:ventas@servisold.cl\" class=\"w-iconbox-link\" aria-label=\"ventas@servisold.cl\"><div class=\"w-iconbox-icon\" style=\"font-size:12px;background:var(--color-content-secondary);color:#ffffff;\"><i class=\"fas fa-at\"><\/i><\/div><\/a><div class=\"w-iconbox-meta\"><a href=\"mailto:ventas@servisold.cl\" class=\"w-iconbox-link\" aria-label=\"ventas@servisold.cl\"><h4 class=\"w-iconbox-title\" style=\"font-size:18px;\">ventas@servisold.cl<\/h4><\/a><\/div><\/div><div class=\"w-separator size_small\"><\/div><div class=\"w-iconbox iconpos_left style_circle color_custom align_center no_text\"><div class=\"w-iconbox-icon\" style=\"font-size:12px;background:var(--color-content-secondary);color:#ffffff;\"><i class=\"fas fa-map-pin\"><\/i><\/div><div class=\"w-iconbox-meta\"><h4 class=\"w-iconbox-title\" style=\"font-size:18px;\">Pasaje Thomas Argando\u00f1a Nro 718 Villa Sinderpark, Coquimbo<\/h4><\/div><\/div><div class=\"w-separator size_small\"><\/div><div class=\"wpb_text_column\" ><div class=\"wpb_wrapper\"><p><iframe loading=\"lazy\" style=\"border: 0;\" src=\"https:\/\/www.google.com\/maps\/embed?pb=!1m14!1m8!1m3!1d77686.58231509355!2d-71.33519541030935!3d-29.985838465415995!3m2!1i1024!2i768!4f13.1!3m3!1m2!1s0x9691c8d5c57cdf93%3A0x51dffd39e423d183!2sPje.%20Tomas%20Argando%C3%B1a%20718%2C%20Coquimbo!5e0!3m2!1ses!2scl!4v1699458920403!5m2!1ses!2scl\" width=\"600\" height=\"250\" allowfullscreen=\"allowfullscreen\"><\/iframe><\/p>\n<\/div><\/div><\/div><\/div><\/div><\/div><\/div><\/section>\n","protected":false},"excerpt":{"rendered":"Contacto Especialistas en el servicio de \u00abArriendo de M\u00e1quinas Soldadoras\u00bb por m\u00e1s de 29 a\u00f1os. Escr\u00edbenos al +569 7620 9466Ll\u00e1manos al:+562 2295 4613+562 2295 1359Env\u00edanos un correo a:ventas@servisold.clventasantofagasta@servisold.clFormulario de Contacto Rellena este campo Por favor, introduce una direcci\u00f3n de correo electr\u00f3nico v\u00e1lida. Rellena este campo Rellena este campo Enviar Nuestras ubicaciones Santiago+562 2295 4613+562 2295...","protected":false},"author":2,"featured_media":0,"parent":0,"menu_order":0,"comment_status":"closed","ping_status":"closed","template":"","meta":{"footnotes":""},"class_list":["post-4030","page","type-page","status-publish","hentry"],"acf":[],"_links":{"self":[{"href":"https:\/\/servisoldhermanos.cl\/index.php\/wp-json\/wp\/v2\/pages\/4030","targetHints":{"allow":["GET"]}}],"collection":[{"href":"https:\/\/servisoldhermanos.cl\/index.php\/wp-json\/wp\/v2\/pages"}],"about":[{"href":"https:\/\/servisoldhermanos.cl\/index.php\/wp-json\/wp\/v2\/types\/page"}],"author":[{"embeddable":true,"href":"https:\/\/servisoldhermanos.cl\/index.php\/wp-json\/wp\/v2\/users\/2"}],"replies":[{"embeddable":true,"href":"https:\/\/servisoldhermanos.cl\/index.php\/wp-json\/wp\/v2\/comments?post=4030"}],"version-history":[{"count":8,"href":"https:\/\/servisoldhermanos.cl\/index.php\/wp-json\/wp\/v2\/pages\/4030\/revisions"}],"predecessor-version":[{"id":4038,"href":"https:\/\/servisoldhermanos.cl\/index.php\/wp-json\/wp\/v2\/pages\/4030\/revisions\/4038"}],"wp:attachment":[{"href":"https:\/\/servisoldhermanos.cl\/index.php\/wp-json\/wp\/v2\/media?parent=4030"}],"curies":[{"name":"wp","href":"https:\/\/api.w.org\/{rel}","templated":true}]}}