{"id":3902,"date":"2023-11-05T04:33:17","date_gmt":"2023-11-05T04:33:17","guid":{"rendered":"https:\/\/sindicatouniversitarioscged.cl\/servisold\/?page_id=3902"},"modified":"2023-11-07T16:33:31","modified_gmt":"2023-11-07T16:33:31","slug":"quienes-somos","status":"publish","type":"page","link":"https:\/\/servisoldhermanos.cl\/index.php\/quienes-somos\/","title":{"rendered":"Qui\u00e9nes Somos"},"content":{"rendered":"<section class=\"l-section wpb_row height_medium\"><div class=\"l-section-h i-cf\"><div class=\"g-cols vc_row type_default valign_top\"><div class=\"vc_col-sm-4\/5 wpb_column vc_column_container\"><div class=\"vc_column-inner\"><div class=\"wpb_wrapper\"><div class=\"wpb_text_column us_custom_432d3f53\" ><div class=\"wpb_wrapper\"><p>Una empresa familiar; que tiene m\u00e1s 29 a\u00f1os de servicios interrumpidos en el rubro del\u00a0<strong>\u201cArriendo de M\u00e1quinas Soldadoras\u201d<\/strong>. La cual fuera iniciada el d\u00eda 14 de julio del a\u00f1o 1989, por don Erick Herrera, de nombre natural\u00a0<strong>\u201cERICK HERRERA\u201c<\/strong>\u00a0y posteriormente llamada\u00a0<strong>\u201cSERVISOLD\u201d.<\/strong>\u00a0Luego a mediados del a\u00f1o 2000, fuera consolidada sus arriendos y ventas a lo largo de nuestro pa\u00eds en forma muy comprometida y de manera profesional por sus propios due\u00f1os don\u00a0<strong>RENE HERRERA PALACIOS<\/strong>\u00a0e hija Sra.\u00a0<strong>MAR\u00cdA EUGENIA HERRERA<\/strong>, denominada\u00a0<strong>\u00abSERVISOLD LTDA\u00bb<\/strong>. Por lo que este \u00faltimo due\u00f1o y representante indeclinablemente dejara de existir para dar pas\u00f3 durante el a\u00f1o 2017-2018, a una nueva sociedad legalmente constituida de\u00a0<strong>\u201cSERVISOLD MAQUINARIAS\u201d.<\/strong><\/p>\n<\/div><\/div><div class=\"w-separator size_medium\"><\/div><div class=\"w-iconbox us_custom_432d3f53 iconpos_left style_default color_custom align_left\"><div class=\"w-iconbox-icon\" style=\"color:#FF3B00;\"><i class=\"fas fa-star\"><\/i><\/div><div class=\"w-iconbox-meta\"><h4 class=\"w-iconbox-title\">MISION<\/h4><div class=\"w-iconbox-text\"><p>Ofrecer y dar soluciones integrales en los\u00a0<strong>procesos de soldadura<\/strong>, tanto como en las ventas y arriendos de m\u00e1quinas soldadoras e insumo; sumado a ello, de\u00a0<strong>ser la \u00fanica empresa con servicio t\u00e9cnico autorizado para las mismas<\/strong>, con la finalidad de satisfacer las necesidades espec\u00edficas de nuestros clientes.<\/p>\n<\/div><\/div><\/div><div class=\"w-separator size_medium\"><\/div><div class=\"w-iconbox us_custom_432d3f53 iconpos_left style_default color_custom align_center\"><div class=\"w-iconbox-icon\" style=\"color:#FF3B00;\"><i class=\"fas fa-eye\"><\/i><\/div><div class=\"w-iconbox-meta\"><h4 class=\"w-iconbox-title\">VISION<\/h4><div class=\"w-iconbox-text\"><div class=\"et_pb_module et_pb_text et_pb_text_1 et_pb_text_align_left et_pb_bg_layout_light\">\n<div class=\"et_pb_text_inner\">\n<p>Hacer que nuestros\u00a0<strong>CLIENTES<\/strong>, obtengan productos de calidad en las\u00a0<strong>VENTAS Y ARRIENDOS DE MAQUINAS SOLDADORAS E INSUMOS<\/strong>, para facilitarles y mejorar el trabajo de nuestros requirentes a lo largo de nuestro Pa\u00eds, haci\u00e9ndole m\u00e1s rentable, como agradable para nuestros servicios a los colaboradores, logrando con esto ser una empresa solo del rubro de punta que tiene prestigio, por dar soluci\u00f3n indiscutible a todo sus requerimientos de las EMPRESAS, que prestan servicio a la Miner\u00eda y otras Sociedades.<\/p>\n<\/div>\n<\/div>\n<\/div><\/div><\/div><div class=\"w-separator size_medium\"><\/div><div class=\"w-image align_center\"><div class=\"w-image-h\"><img loading=\"lazy\" decoding=\"async\" width=\"312\" height=\"313\" src=\"https:\/\/servisoldhermanos.cl\/wp-content\/uploads\/2023\/11\/valores.png\" class=\"attachment-large size-large\" alt=\"\" srcset=\"https:\/\/servisoldhermanos.cl\/wp-content\/uploads\/2023\/11\/valores.png 312w, https:\/\/servisoldhermanos.cl\/wp-content\/uploads\/2023\/11\/valores-300x300.png 300w, https:\/\/servisoldhermanos.cl\/wp-content\/uploads\/2023\/11\/valores-150x150.png 150w\" sizes=\"auto, (max-width: 312px) 100vw, 312px\" \/><\/div><\/div><\/div><\/div><\/div><div class=\"vc_col-sm-1\/5 wpb_column vc_column_container\"><div class=\"vc_column-inner\"><div class=\"wpb_wrapper\"><div class=\"w-image style_circle align_none animate_fade\"><div class=\"w-image-h\"><img loading=\"lazy\" decoding=\"async\" width=\"178\" height=\"228\" src=\"https:\/\/servisoldhermanos.cl\/wp-content\/uploads\/2023\/11\/reneherrera.png\" class=\"attachment-large size-large\" alt=\"\" \/><\/div><\/div><div class=\"w-separator size_small\"><\/div><div class=\"w-text us_custom_c22c93f8\"><span class=\"w-text-h\"><i class=\"fas fa-cross\"><\/i><span class=\"w-text-value\">EN MEMORIA A DON RENE HERRERA PALACIOS (Q.E.P.D.)<\/span><\/span><\/div><div class=\"w-separator size_medium\"><\/div><div class=\"w-image style_circle align_none animate_fade\"><div class=\"w-image-h\"><img loading=\"lazy\" decoding=\"async\" width=\"720\" height=\"720\" src=\"https:\/\/servisoldhermanos.cl\/wp-content\/uploads\/2023\/11\/foto-hijo.jpg\" class=\"attachment-large size-large\" alt=\"\" srcset=\"https:\/\/servisoldhermanos.cl\/wp-content\/uploads\/2023\/11\/foto-hijo.jpg 720w, https:\/\/servisoldhermanos.cl\/wp-content\/uploads\/2023\/11\/foto-hijo-300x300.jpg 300w, https:\/\/servisoldhermanos.cl\/wp-content\/uploads\/2023\/11\/foto-hijo-150x150.jpg 150w, https:\/\/servisoldhermanos.cl\/wp-content\/uploads\/2023\/11\/foto-hijo-600x600.jpg 600w\" sizes=\"auto, (max-width: 720px) 100vw, 720px\" \/><\/div><\/div><div class=\"w-separator size_small\"><\/div><div class=\"w-text us_custom_c22c93f8\"><span class=\"w-text-h\"><i class=\"fas fa-cross\"><\/i><span class=\"w-text-value\">EN MEMORIA DE ERIC HERRERA ECHEGOYEN (Q.E.P.D)<\/span><\/span><\/div><\/div><\/div><\/div><\/div><\/div><\/section>\n","protected":false},"excerpt":{"rendered":"Una empresa familiar; que tiene m\u00e1s 29 a\u00f1os de servicios interrumpidos en el rubro del\u00a0\u201cArriendo de M\u00e1quinas Soldadoras\u201d. La cual fuera iniciada el d\u00eda 14 de julio del a\u00f1o 1989, por don Erick Herrera, de nombre natural\u00a0\u201cERICK HERRERA\u201c\u00a0y posteriormente llamada\u00a0\u201cSERVISOLD\u201d.\u00a0Luego a mediados del a\u00f1o 2000, fuera consolidada sus arriendos y ventas a lo largo de...","protected":false},"author":2,"featured_media":0,"parent":0,"menu_order":0,"comment_status":"closed","ping_status":"closed","template":"","meta":{"footnotes":""},"class_list":["post-3902","page","type-page","status-publish","hentry"],"acf":[],"_links":{"self":[{"href":"https:\/\/servisoldhermanos.cl\/index.php\/wp-json\/wp\/v2\/pages\/3902","targetHints":{"allow":["GET"]}}],"collection":[{"href":"https:\/\/servisoldhermanos.cl\/index.php\/wp-json\/wp\/v2\/pages"}],"about":[{"href":"https:\/\/servisoldhermanos.cl\/index.php\/wp-json\/wp\/v2\/types\/page"}],"author":[{"embeddable":true,"href":"https:\/\/servisoldhermanos.cl\/index.php\/wp-json\/wp\/v2\/users\/2"}],"replies":[{"embeddable":true,"href":"https:\/\/servisoldhermanos.cl\/index.php\/wp-json\/wp\/v2\/comments?post=3902"}],"version-history":[{"count":14,"href":"https:\/\/servisoldhermanos.cl\/index.php\/wp-json\/wp\/v2\/pages\/3902\/revisions"}],"predecessor-version":[{"id":3977,"href":"https:\/\/servisoldhermanos.cl\/index.php\/wp-json\/wp\/v2\/pages\/3902\/revisions\/3977"}],"wp:attachment":[{"href":"https:\/\/servisoldhermanos.cl\/index.php\/wp-json\/wp\/v2\/media?parent=3902"}],"curies":[{"name":"wp","href":"https:\/\/api.w.org\/{rel}","templated":true}]}}